{"id":7,"date":"2021-06-28T07:15:54","date_gmt":"2021-06-28T07:15:54","guid":{"rendered":"http:\/\/www.resonanssiv.fi\/?page_id=7"},"modified":"2023-09-23T07:19:03","modified_gmt":"2023-09-23T07:19:03","slug":"home","status":"publish","type":"page","link":"https:\/\/www.resonanssiv.fi\/","title":{"rendered":"Home"},"content":{"rendered":"\n<div class=\"wp-block-cover alignfull\" style=\"min-height:600px;aspect-ratio:unset;\"><span aria-hidden=\"true\" class=\"wp-block-cover__background has-nv-light-bg-background-color has-background-dim-100 has-background-dim\"><\/span><div class=\"wp-block-cover__inner-container is-layout-flow wp-block-cover-is-layout-flow\">\n<div class=\"wp-block-group\"><div class=\"wp-block-group__inner-container is-layout-flow wp-block-group-is-layout-flow\">\n<div style=\"height:80px\" aria-hidden=\"true\" class=\"wp-block-spacer\"><\/div>\n\n\n\n<div class=\"wp-block-columns are-vertically-aligned-center is-layout-flex wp-container-core-columns-is-layout-9d6595d7 wp-block-columns-is-layout-flex\">\n<div class=\"wp-block-column is-vertically-aligned-center is-layout-flow wp-block-column-is-layout-flow\" style=\"flex-basis:50%\">\n<figure class=\"wp-block-image size-large\"><img loading=\"lazy\" decoding=\"async\" width=\"1024\" height=\"783\" src=\"http:\/\/www.resonanssiv.fi\/wp-content\/uploads\/2022\/07\/kasi-1024x783.jpg\" alt=\"\" class=\"wp-image-188\" srcset=\"https:\/\/www.resonanssiv.fi\/wp-content\/uploads\/2022\/07\/kasi-1024x783.jpg 1024w, https:\/\/www.resonanssiv.fi\/wp-content\/uploads\/2022\/07\/kasi-300x229.jpg 300w, https:\/\/www.resonanssiv.fi\/wp-content\/uploads\/2022\/07\/kasi-768x587.jpg 768w, https:\/\/www.resonanssiv.fi\/wp-content\/uploads\/2022\/07\/kasi-1536x1175.jpg 1536w, https:\/\/www.resonanssiv.fi\/wp-content\/uploads\/2022\/07\/kasi-2048x1566.jpg 2048w, https:\/\/www.resonanssiv.fi\/wp-content\/uploads\/2022\/07\/kasi-1320x1010.jpg 1320w, https:\/\/www.resonanssiv.fi\/wp-content\/uploads\/2022\/07\/kasi-600x459.jpg 600w\" sizes=\"auto, (max-width: 1024px) 100vw, 1024px\" \/><\/figure>\n<\/div>\n\n\n\n<div class=\"wp-block-column is-vertically-aligned-center is-layout-flow wp-block-column-is-layout-flow\" style=\"flex-basis:50%\">\n<div style=\"height:20px\" aria-hidden=\"true\" class=\"wp-block-spacer\"><\/div>\n\n\n\n<h2 class=\"has-text-align-left has-neve-text-color-color has-text-color wp-block-heading\">Bioresonanssi<\/h2>\n\n\n\n<p class=\"has-text-align-left has-neve-text-color-color has-text-color\" style=\"font-size:17px\">Bioresonanssimittauksessa elimist\u00f6\u00e4 tutkitaan meridiaanien kautta akupisteist\u00e4 mittaamalla. T\u00e4m\u00e4n j\u00e4lkeen etsit\u00e4\u00e4n elimist\u00f6n tasapainoa haittaavia tekij\u00f6it\u00e4 ja lopuksi tehd\u00e4\u00e4n noin 20 minuutin hoito, jonka j\u00e4lkeen elimist\u00f6 alkaa puhdistamaan l\u00f6ydettyj\u00e4 asioita itsest\u00e4\u00e4n. Usein hoidon tueksi tarvitaan my\u00f6s erilaisia yrttej\u00e4 ja resonanssikoneella valmistettua resonanssitippaa. <\/p>\n\n\n\n<p><mark style=\"background-color:rgba(0, 0, 0, 0)\" class=\"has-inline-color has-neve-link-color-color\">Bioresonanssissa puhdistetaan fyysist\u00e4 kehoa ja sen hienojakoisempia tasoja.<\/mark><\/p>\n\n\n\n<p><mark style=\"background-color:rgba(0, 0, 0, 0)\" class=\"has-inline-color has-neve-link-color-color\">Mittauksia voidaan tehd\u00e4 ihmisille ja el\u00e4imille.<\/mark><\/p>\n\n\n\n<p><\/p>\n<\/div>\n<\/div>\n\n\n\n<div style=\"height:40px\" aria-hidden=\"true\" class=\"wp-block-spacer\"><\/div>\n\n\n\n<p class=\"has-neve-link-color-color has-text-color\">&#8221;Suosittelen l\u00e4mpim\u00e4sti Matin bioresonanssia! Olen itse k\u00e4ynyt hoidossa, k\u00e4ytt\u00e4nyt lapseni siin\u00e4 sek\u00e4 monet tuttavani ovat k\u00e4yneet hoidossa ja kokeneet sen hy\u00f6dylliseksi.&#8221; Heidi, Tampere.<\/p>\n\n\n\n<p class=\"has-neve-link-color-color has-text-color\">&#8221;Allergiani ja suolisto-ongelmani ovat h\u00e4vinneet t\u00e4ysin&#8221; Ida, Tampere<\/p>\n\n\n\n<p class=\"has-neve-link-color-color has-text-color\">&#8221;Bioresonanssin avulla sain vastauksen ja apua erilaisten selitt\u00e4m\u00e4tt\u00f6mien allergiaoireiden taustalla oleviin syihin ja hoitoon. Lis\u00e4ksi olen saanut selvitetty\u00e4 useamman asunnon sis\u00e4ilman laadun asuntoa ostaessa ja t\u00e4ten v\u00e4ltt\u00e4nyt sis\u00e4ilmaongelmaisen kohteen ostamisen. T\u00e4m\u00e4 on s\u00e4\u00e4st\u00e4nyt minulta paljon aikaa ja rahaa. Puhumattakaan omasta ja perheeni terveydest\u00e4.&#8221; Taika, Tampere<\/p>\n\n\n\n<p class=\"has-neve-link-color-color has-text-color\">&#8221;K\u00e4rsin vuosia voimakkaista allergiaoireista, joita aiheuttivat siite- ja el\u00e4inp\u00f6ly. Oireita pahensivat homealtistuminen ja jouduin k\u00e4ytt\u00e4m\u00e4\u00e4n allergial\u00e4\u00e4kkeit\u00e4 ymp\u00e4ri vuoden. Oireeni h\u00e4visiv\u00e4t Matin bioresonanssihoidolla. Matti hoitaa meid\u00e4n koko perhett\u00e4, lemmikit mukaanlukien. Kiitos Matti! Ja l\u00e4mmin suositus!&#8221; Mira, Orivesi<\/p>\n<\/div><\/div>\n<\/div><\/div>\n\n\n\n<p><\/p>\n","protected":false},"excerpt":{"rendered":"","protected":false},"author":1,"featured_media":0,"parent":0,"menu_order":0,"comment_status":"closed","ping_status":"closed","template":"","meta":{"neve_meta_sidebar":"","neve_meta_container":"","neve_meta_enable_content_width":"on","neve_meta_content_width":100,"neve_meta_title_alignment":"","neve_meta_author_avatar":"","neve_post_elements_order":"","neve_meta_disable_header":"","neve_meta_disable_footer":"","neve_meta_disable_title":"on","footnotes":""},"class_list":["post-7","page","type-page","status-publish","hentry"],"_links":{"self":[{"href":"https:\/\/www.resonanssiv.fi\/index.php\/wp-json\/wp\/v2\/pages\/7","targetHints":{"allow":["GET"]}}],"collection":[{"href":"https:\/\/www.resonanssiv.fi\/index.php\/wp-json\/wp\/v2\/pages"}],"about":[{"href":"https:\/\/www.resonanssiv.fi\/index.php\/wp-json\/wp\/v2\/types\/page"}],"author":[{"embeddable":true,"href":"https:\/\/www.resonanssiv.fi\/index.php\/wp-json\/wp\/v2\/users\/1"}],"replies":[{"embeddable":true,"href":"https:\/\/www.resonanssiv.fi\/index.php\/wp-json\/wp\/v2\/comments?post=7"}],"version-history":[{"count":38,"href":"https:\/\/www.resonanssiv.fi\/index.php\/wp-json\/wp\/v2\/pages\/7\/revisions"}],"predecessor-version":[{"id":485,"href":"https:\/\/www.resonanssiv.fi\/index.php\/wp-json\/wp\/v2\/pages\/7\/revisions\/485"}],"wp:attachment":[{"href":"https:\/\/www.resonanssiv.fi\/index.php\/wp-json\/wp\/v2\/media?parent=7"}],"curies":[{"name":"wp","href":"https:\/\/api.w.org\/{rel}","templated":true}]}}