{"id":235,"date":"2023-04-20T09:26:10","date_gmt":"2023-04-20T09:26:10","guid":{"rendered":"https:\/\/www.resonanssiv.fi\/?page_id=235"},"modified":"2023-04-21T05:26:43","modified_gmt":"2023-04-21T05:26:43","slug":"mita-bioresonanssi-on","status":"publish","type":"page","link":"https:\/\/www.resonanssiv.fi\/index.php\/mita-bioresonanssi-on\/","title":{"rendered":"Mit\u00e4 bioresonanssi on?"},"content":{"rendered":"\n<p>Kaikki on energiaa. Kaikella olemassa olevalla on energiakentt\u00e4. Kaikella on oma yksil\u00f6llinen v\u00e4r\u00e4htelytaajuus ja n\u00e4it\u00e4 taajuuksia voidaan mitata.<\/p>\n\n\n\n<p>Terveen ihmisen elimist\u00f6 v\u00e4r\u00e4htelee noin 62 &#8211; 68 Megahertzin taajuudella. Ihminen vet\u00e4\u00e4 aina puoleensa sen mit\u00e4 h\u00e4n itse v\u00e4r\u00e4htelee. Mit\u00e4 enemm\u00e4n ihmisen elimist\u00f6ss\u00e4 on kaikkea siihen kuulumatonta, sit\u00e4 matalammalla taajuudella h\u00e4n v\u00e4r\u00e4htelee ja loogisesti sit\u00e4 enemm\u00e4n tukkoisuutta h\u00e4nen mieless\u00e4\u00e4n ja elimist\u00f6ss\u00e4 ilmenee.<\/p>\n\n\n\n<p>Ihmisen perustila on aina korkeav\u00e4r\u00e4hteinen ja mit\u00e4 enemm\u00e4n se p\u00e4\u00e4see ilmenem\u00e4\u00e4n, sit\u00e4 terveempi ihminen on. Bioresonanssin avulla pyrit\u00e4\u00e4n etsim\u00e4\u00e4n ja tasapainoittamaan elimist\u00f6n normaalia tasapainoa haittaavia tekij\u00f6it\u00e4. Bioresonanssimittauksen avulla pyrit\u00e4\u00e4n siis palauttamaan luonnollinen v\u00e4r\u00e4htelytaso, jossa terveys p\u00e4\u00e4see ilmenem\u00e4\u00e4n automaattisesti.<\/p>\n\n\n\n<p>Bio tarkoittaa el\u00e4m\u00e4\u00e4n tai elolliseen liittyv\u00e4\u00e4 asiaa. Resonanssi taas puolestaan sit\u00e4, kun kaksi samaa v\u00e4r\u00e4htelytaajuutta kohtaa. T\u00e4st\u00e4 syntyy koherentti v\u00e4r\u00e4htely; resonanssi. Bioresonanssi, koska mitataan p\u00e4\u00e4s\u00e4\u00e4nt\u00f6isesti ihmist\u00e4 tai el\u00e4int\u00e4, eli el\u00e4v\u00e4\u00e4 kudosta.<\/p>\n\n\n\n<figure class=\"wp-block-image size-full\"><img loading=\"lazy\" decoding=\"async\" width=\"1000\" height=\"563\" src=\"https:\/\/www.resonanssiv.fi\/wp-content\/uploads\/2023\/04\/image.png\" alt=\"\" class=\"wp-image-386\" srcset=\"https:\/\/www.resonanssiv.fi\/wp-content\/uploads\/2023\/04\/image.png 1000w, https:\/\/www.resonanssiv.fi\/wp-content\/uploads\/2023\/04\/image-300x169.png 300w, https:\/\/www.resonanssiv.fi\/wp-content\/uploads\/2023\/04\/image-768x432.png 768w, https:\/\/www.resonanssiv.fi\/wp-content\/uploads\/2023\/04\/image-600x338.png 600w\" sizes=\"auto, (max-width: 1000px) 100vw, 1000px\" \/><figcaption class=\"wp-element-caption\">Kuva on tehty D.Ewing \u2013 Understanding EAV, 2021. taulukon pohjalta.<\/figcaption><\/figure>\n\n\n\n<p><strong>Meridiaanit<\/strong><\/p>\n\n\n\n<p>Meridiaanit ovat kehossa kulkevia energialinjoja, joille elinten akupisteet kehittyv\u00e4t. L\u00e4nsimaalainen k\u00e4sitys meridiaaneista on hermoradat. N\u00e4ill\u00e4 linjoilla olevien akupisteiden vastuksen muutosta mittaamalla voidaan selvitt\u00e4\u00e4 kuinka energia virtaa eri elimille. N\u00e4iden pisteiden kautta on mahdollista mitata erilaiset h\u00e4iri\u00f6tilat elimist\u00f6n energiaj\u00e4rjestelm\u00e4ss\u00e4 hyvin tarkasti ja taas toisaalta hoitaa ep\u00e4tasapainotilat jo ennen kuin ne ilmenev\u00e4t fyysisell\u00e4 tasolla varsinaisena ongelmana.<\/p>\n\n\n\n<p><\/p>\n\n\n\n<figure class=\"wp-block-image size-full\"><img loading=\"lazy\" decoding=\"async\" width=\"768\" height=\"919\" src=\"https:\/\/www.resonanssiv.fi\/wp-content\/uploads\/2023\/04\/image-1.png\" alt=\"\" class=\"wp-image-395\" srcset=\"https:\/\/www.resonanssiv.fi\/wp-content\/uploads\/2023\/04\/image-1.png 768w, https:\/\/www.resonanssiv.fi\/wp-content\/uploads\/2023\/04\/image-1-251x300.png 251w, https:\/\/www.resonanssiv.fi\/wp-content\/uploads\/2023\/04\/image-1-600x718.png 600w\" sizes=\"auto, (max-width: 768px) 100vw, 768px\" \/><figcaption class=\"wp-element-caption\">Alkuper\u00e4inen kuva: https:\/\/www.satory.gr\/en\/acupuncture-indications\/scientific-research-has-shown-that-there-are-energy-meridians-in-the-human-body\/<\/figcaption><\/figure>\n\n\n\n<p><\/p>\n\n\n\n<p><strong>Akupisteet<\/strong><\/p>\n\n\n\n<p>Elimist\u00f6ss\u00e4 on yli tuhat akupistett\u00e4, jotka sijaitsevat meridiaaneilla. MSA-laitteella(Meridian Stress Assessment, eli bioresonanssilaite) perusmittauksessa mitataan 58 eri akupistett\u00e4 k\u00e4sist\u00e4 ja jaloista. N\u00e4iden pisteiden avulla pystyt\u00e4\u00e4n selvitt\u00e4m\u00e4\u00e4n mink\u00e4 elimen kohdalla energian virtaus on heikentynyt ja mik\u00e4 ep\u00e4puhtaus tai tunnetila aiheuttaa heikkouden mitattavassa elimess\u00e4.<\/p>\n\n\n\n<p>Bioresonanssilaitteilla mitataan siis kahta eri asiaa:<\/p>\n\n\n\n<ul class=\"wp-block-list\">\n<li>Vaihtovirtavastusta<\/li>\n\n\n\n<li>V\u00e4r\u00e4htelytajuutta<\/li>\n<\/ul>\n\n\n\n<p><strong>MILLAISIA V\u00c4R\u00c4HTELYTAAJUUKSIA BIORESONANSSIN AVULLA ON MAHDOLLISTA MITATA JA TASAPAINOITTAA?<\/strong><\/p>\n\n\n\n<p>K\u00e4yt\u00f6ss\u00e4ni on kaksi erilaista ohjelmistoa (MSA ja SRT), joissa kummassakin on digitalisoituna yli 80000 eri asian v\u00e4r\u00e4htelytaajuus, joten mitattava alue on todella laaja. T\u00e4ss\u00e4 muutama t\u00e4rkeimmist\u00e4 aihealueista:<\/p>\n\n\n\n<ul class=\"wp-block-list\">\n<li>Homeet<\/li>\n\n\n\n<li>Loiset<\/li>\n\n\n\n<li>Raskasmetallit<\/li>\n\n\n\n<li>Kemikaalit<\/li>\n\n\n\n<li>Muovit<\/li>\n\n\n\n<li>Vitamiinit<\/li>\n\n\n\n<li>Hivenaineet<\/li>\n\n\n\n<li>Rasvahapot<\/li>\n<\/ul>\n\n\n\n<p><strong>BIORESONANSSISTA VOI OLLA SINULLE HY\u00d6TY\u00c4, JOS K\u00c4RSIT ESIMERKIKSI SEURAAVISTA ONGELMISTA:<\/strong><\/p>\n\n\n\n<ul class=\"wp-block-list\">\n<li>Suoliston h\u00e4iri\u00f6tilat<\/li>\n\n\n\n<li>Homeongelmat<\/li>\n\n\n\n<li>Krooninen v\u00e4symys<\/li>\n\n\n\n<li>Loisongelmat<\/li>\n<\/ul>\n","protected":false},"excerpt":{"rendered":"<p>Kaikki on energiaa. Kaikella olemassa olevalla on energiakentt\u00e4. Kaikella on oma yksil\u00f6llinen v\u00e4r\u00e4htelytaajuus ja n\u00e4it\u00e4 taajuuksia voidaan mitata. Terveen ihmisen elimist\u00f6 v\u00e4r\u00e4htelee noin 62 &#8211; 68 Megahertzin taajuudella. Ihminen vet\u00e4\u00e4 aina puoleensa sen mit\u00e4 h\u00e4n itse v\u00e4r\u00e4htelee. Mit\u00e4 enemm\u00e4n ihmisen elimist\u00f6ss\u00e4 on kaikkea siihen kuulumatonta, sit\u00e4 matalammalla taajuudella h\u00e4n v\u00e4r\u00e4htelee ja loogisesti sit\u00e4 enemm\u00e4n tukkoisuutta&hellip;&nbsp;<a href=\"https:\/\/www.resonanssiv.fi\/index.php\/mita-bioresonanssi-on\/\" rel=\"bookmark\">Lue lis\u00e4\u00e4 &raquo;<span class=\"screen-reader-text\">Mit\u00e4 bioresonanssi on?<\/span><\/a><\/p>\n","protected":false},"author":1,"featured_media":0,"parent":0,"menu_order":0,"comment_status":"closed","ping_status":"closed","template":"","meta":{"neve_meta_sidebar":"full-width","neve_meta_container":"","neve_meta_enable_content_width":"on","neve_meta_content_width":100,"neve_meta_title_alignment":"","neve_meta_author_avatar":"","neve_post_elements_order":"","neve_meta_disable_header":"","neve_meta_disable_footer":"","neve_meta_disable_title":"","footnotes":""},"class_list":["post-235","page","type-page","status-publish","hentry"],"_links":{"self":[{"href":"https:\/\/www.resonanssiv.fi\/index.php\/wp-json\/wp\/v2\/pages\/235","targetHints":{"allow":["GET"]}}],"collection":[{"href":"https:\/\/www.resonanssiv.fi\/index.php\/wp-json\/wp\/v2\/pages"}],"about":[{"href":"https:\/\/www.resonanssiv.fi\/index.php\/wp-json\/wp\/v2\/types\/page"}],"author":[{"embeddable":true,"href":"https:\/\/www.resonanssiv.fi\/index.php\/wp-json\/wp\/v2\/users\/1"}],"replies":[{"embeddable":true,"href":"https:\/\/www.resonanssiv.fi\/index.php\/wp-json\/wp\/v2\/comments?post=235"}],"version-history":[{"count":77,"href":"https:\/\/www.resonanssiv.fi\/index.php\/wp-json\/wp\/v2\/pages\/235\/revisions"}],"predecessor-version":[{"id":399,"href":"https:\/\/www.resonanssiv.fi\/index.php\/wp-json\/wp\/v2\/pages\/235\/revisions\/399"}],"wp:attachment":[{"href":"https:\/\/www.resonanssiv.fi\/index.php\/wp-json\/wp\/v2\/media?parent=235"}],"curies":[{"name":"wp","href":"https:\/\/api.w.org\/{rel}","templated":true}]}}