{"id":213,"date":"2023-06-24T07:26:30","date_gmt":"2023-06-24T07:26:30","guid":{"rendered":"https:\/\/www.resonanssiv.fi\/?page_id=213"},"modified":"2023-07-14T06:49:35","modified_gmt":"2023-07-14T06:49:35","slug":"minusta","status":"publish","type":"page","link":"https:\/\/www.resonanssiv.fi\/index.php\/minusta\/","title":{"rendered":"Minusta"},"content":{"rendered":"\n<p>Bioresonanssimittauksia olen tehnyt ty\u00f6kseni jo vuodesta 2015. Pohjakoulutukseltani olen tietojenk\u00e4sittelyn tradenomi ja s\u00e4hk\u00f6asentaja. Monien mutkien kautta &#8221;ajauduin&#8221; tekem\u00e4\u00e4n bioresonanssimittauksia t\u00e4ysip\u00e4iv\u00e4sesti, vaikka alunperin oli tarkoitus l\u00e4hinn\u00e4 etsi\u00e4 vastauksia omaa terveydentilaani koskien, joita ei tuntunut juuri muualta l\u00f6ytyv\u00e4n. <\/p>\n\n\n\n<p>Suoliston huono kunto, pitk\u00e4aikainen homealtistus ja jatkuva v\u00e4symys ajoivat minut k\u00e4yt\u00e4nn\u00f6ss\u00e4 ty\u00f6- ja toimintakyvytt\u00f6m\u00e4ksi. Minua tutkittiin terveydenhuollon puitteissa todella laajasti (ja kalliisti) vuosikaudet l\u00f6yt\u00e4m\u00e4tt\u00e4 minusta k\u00e4yt\u00e4nn\u00f6ss\u00e4 mit\u00e4\u00e4n vikaa. T\u00e4st\u00e4 huolimatta oloni vain paheni. Vastaukset terveydentilaani koskien oli siis etsitt\u00e4v\u00e4 jostain muualta. Aloin puhdistamaan elimist\u00f6\u00e4ni j\u00e4rjestelm\u00e4llisesti erilaisten menetelmien avulla ja kokeiltuani l\u00e4hes kaiken mahdollisen ja mahdottoman terveydentilani alkoi hiljalleen palautua. T\u00e4n\u00e4 p\u00e4iv\u00e4n\u00e4 olen parantunut melkein kaikista niin sanotuista parantumattomista sairauksista ja voin el\u00e4\u00e4 taas t\u00e4ysin normaalia el\u00e4m\u00e4\u00e4.<\/p>\n\n\n\n<p>T\u00e4ss\u00e4 oli juuri se kohta jollain aloin tutustamaan vaihtoehtoiseen tai oikeastaan alkuper\u00e4iseen tapaan hoitaa terveytt\u00e4 eik\u00e4 tukahduttaa oireita milloin mill\u00e4kin pillerill\u00e4. <\/p>\n\n\n\n<p><\/p>\n\n\n\n<p>T\u00e4m\u00e4 johti lopulta syv\u00e4lliseen ymm\u00e4rrykseen siit\u00e4, ett\u00e4 terveys ei ole koskaan kadonnut meist\u00e4 mihink\u00e4\u00e4n, eik\u00e4 se voi edes koskaan kadota, koska korkeav\u00e4r\u00e4hteinen tila, jossa terveys ilmenee automaattisesti on meid\u00e4n perustilamme. Kysymys on paremminkin siit\u00e4 mik\u00e4 est\u00e4\u00e4 korkeaa v\u00e4r\u00e4htelytasoa ilmenem\u00e4st\u00e4. Juuri t\u00e4h\u00e4n kysymykseen tai paremminkin kysymyksiin bioresonanssi tarjoaa osaltaan eritt\u00e4in toimivia vastauksia.<\/p>\n\n\n\n<p><\/p>\n\n\n\n<p>Paradoksaalisesti pohjakoulutukseni auttaa minua ymm\u00e4rt\u00e4m\u00e4\u00e4n bioresonanssimittauksessa esiintyvi\u00e4 ilmi\u00f6it\u00e4 huomattavasti paremmin, koska resonanssilaitteilla mitataan p\u00e4\u00e4asiassa kahta eri asiaa: s\u00e4hk\u00f6\u00e4 ja energiaa.<\/p>\n\n\n\n<ul class=\"wp-block-list\">\n<li>S\u00e4hk\u00f6asentaja 2004<\/li>\n\n\n\n<li>Datanomi 2008<\/li>\n\n\n\n<li>Tradenomi, tietojenk\u00e4sittely AMK 2021<\/li>\n\n\n\n<li>Iridologi 2014<\/li>\n\n\n\n<li>Solar Fusion Treatment  2018<\/li>\n\n\n\n<li>Henkinen konsultaatiokoulutus 2022<\/li>\n\n\n\n<li>Bioscan SRT Level 1 2022<\/li>\n\n\n\n<li>Bioscan MSA Level 1 2022<\/li>\n\n\n\n<li>Bioscan MSA Level 2 2023<\/li>\n<\/ul>\n","protected":false},"excerpt":{"rendered":"<p>Bioresonanssimittauksia olen tehnyt ty\u00f6kseni jo vuodesta 2015. Pohjakoulutukseltani olen tietojenk\u00e4sittelyn tradenomi ja s\u00e4hk\u00f6asentaja. Monien mutkien kautta &#8221;ajauduin&#8221; tekem\u00e4\u00e4n bioresonanssimittauksia t\u00e4ysip\u00e4iv\u00e4sesti, vaikka alunperin oli tarkoitus l\u00e4hinn\u00e4 etsi\u00e4 vastauksia omaa terveydentilaani koskien, joita ei tuntunut juuri muualta l\u00f6ytyv\u00e4n. Suoliston huono kunto, pitk\u00e4aikainen homealtistus ja jatkuva v\u00e4symys ajoivat minut k\u00e4yt\u00e4nn\u00f6ss\u00e4 ty\u00f6- ja toimintakyvytt\u00f6m\u00e4ksi. Minua tutkittiin terveydenhuollon puitteissa todella&hellip;&nbsp;<a href=\"https:\/\/www.resonanssiv.fi\/index.php\/minusta\/\" rel=\"bookmark\">Lue lis\u00e4\u00e4 &raquo;<span class=\"screen-reader-text\">Minusta<\/span><\/a><\/p>\n","protected":false},"author":1,"featured_media":0,"parent":0,"menu_order":0,"comment_status":"closed","ping_status":"closed","template":"","meta":{"neve_meta_sidebar":"full-width","neve_meta_container":"","neve_meta_enable_content_width":"on","neve_meta_content_width":100,"neve_meta_title_alignment":"","neve_meta_author_avatar":"","neve_post_elements_order":"","neve_meta_disable_header":"","neve_meta_disable_footer":"","neve_meta_disable_title":"","footnotes":""},"class_list":["post-213","page","type-page","status-publish","hentry"],"_links":{"self":[{"href":"https:\/\/www.resonanssiv.fi\/index.php\/wp-json\/wp\/v2\/pages\/213","targetHints":{"allow":["GET"]}}],"collection":[{"href":"https:\/\/www.resonanssiv.fi\/index.php\/wp-json\/wp\/v2\/pages"}],"about":[{"href":"https:\/\/www.resonanssiv.fi\/index.php\/wp-json\/wp\/v2\/types\/page"}],"author":[{"embeddable":true,"href":"https:\/\/www.resonanssiv.fi\/index.php\/wp-json\/wp\/v2\/users\/1"}],"replies":[{"embeddable":true,"href":"https:\/\/www.resonanssiv.fi\/index.php\/wp-json\/wp\/v2\/comments?post=213"}],"version-history":[{"count":32,"href":"https:\/\/www.resonanssiv.fi\/index.php\/wp-json\/wp\/v2\/pages\/213\/revisions"}],"predecessor-version":[{"id":458,"href":"https:\/\/www.resonanssiv.fi\/index.php\/wp-json\/wp\/v2\/pages\/213\/revisions\/458"}],"wp:attachment":[{"href":"https:\/\/www.resonanssiv.fi\/index.php\/wp-json\/wp\/v2\/media?parent=213"}],"curies":[{"name":"wp","href":"https:\/\/api.w.org\/{rel}","templated":true}]}}